t u(d) = d**2 - 10*d - 13. Give u(12).
11
Let x(a) = -4*a**2 + a + 4. Give x(-3).
-35
Let n(v) = 23*v + 277. Calculate n(-12).
1
Let i(u) = -u**2 - 4*u + 10. Give i(-5).
5
Let n(s) = s - 6. What is n(15)?
9
Let n(o) = o**3 + 12*o**2 - 18. What is n(-12)?
-18
Let b(h) = h**2 - 7*h - 29. Calculate b(10).
1
Let w(d) = -d - 2. Give w(3).
-5
Let n(h) = 5*h + 49. What is n(-11)?
-6
Let j(f) = f**2 - 11*f - 10. Calculate j(7).
-38
Let m(n) = -2*n - 18. What is m(6)?
-30
Let k(b) = 27*b + 165. Give k(-6).
3
Let b(i) = -3*i**2 - 20*i + 19. Determine b(-11).
-124
Let v(u) = 2*u**2 + 21*u + 14. Calculate v(-10).
4
Let r(k) = -8*k - 32. Determine r(-7).
24
Let o(b) = -5*b - 2. Give o(3).
-17
Let g(a) = -2*a + 4. Calculate g(8).
-12
Let k(n) = 2*n**3 + 2*n**2 + 16*n - 17. Determine k(1).
3
Let s(u) = -2*u**2 - 24*u - 11. What is s(-11)?
11
Let b(d) = -d**3 - 23*d**2 + 2*d + 55. Calculate b(-23).
9
Let q(u) = 3*u**2 - 9*u - 17. Give q(-4).
67
Let m(j) = j**2 - j - 8. Determine m(0).
-8
Let r(w) = -5*w**2 - w - 1. What is r(-2)?
-19
Let i(k) = k**3 + 3*k**2 - 9*k - 4. What is i(-5)?
-9
Let l(w) = 4*w**2 - 23*w + 16. Determine l(5).
1
Let v(i) = -i**3 + 4*i**2 - i. What is v(5)?
-30
Let x(r) = 2*r**2 + 10*r + 14. Calculate x(-4).
6
Let p(c) = 4*c - 101. What is p(0)?
-101
Let b(r) = r**2 + 19*r + 41. What is b(-16)?
-7
Let f(q) = 15*q + 99. Give f(-6).
9
Let g(d) = d**2 - 2*d - 6. What is g(4)?
2
Let q(o) = -2*o - 5. Determine q(5).
-15
Let l(b) = -5*b**2 + 6*b - 7. Calculate l(2).
-15
Let n(w) = w**2 - 32*w + 161. Calculate n(6).
5
Let a(j) = -j**3 - 14*j**2 + 11*j - 55. Determine a(-15).
5
Let l(b) = -b**3 + 6*b**2 - 5. Calculate l(6).
-5
Let s(n) = -2*n**2 - 2*n + 2. Give s(2).
-10
Let w(s) = s - 19. Calculate w(10).
-9
Let a(q) = q**3 - 18*q**2 - 2*q + 8. Determine a(18).
-28
Let i(n) = 101*n + 202. Give i(-2).
0
Let p(t) = t**3 - 3*t**2 + 4*t - 27. What is p(4)?
5
Let v(x) = -2*x**2 + 4*x + 7. Give v(6).
-41
Let b(u) = u**2 + 5*u. Determine b(-6).
6
Let h(s) = -s**3 + s**2 - 3*s + 7. Calculate h(3).
-20
Let h(q) = 8*q + 58. What is h(-7)?
2
Let i(j) = j**2 + 6*j + 3. Give i(-5).
-2
Let o(b) = 2*b - 5. Give o(9).
13
Let x(g) = -3*g**3 + 2*g**2 - g - 2. Give x(-1).
4
Let m(z) = 11*z + 69. Determine m(-6).
3
Let o(l) = 15*l**2 + 43*l - 4. Determine o(-3).
2
Let i(v) = -v**2 - 5*v + 58. Determine i(6).
-8
Let t(c) = c**2 + 6*c - 2. Give t(-4).
-10
Let i(g) = g**2 - 10*g + 18. Calculate i(4).
-6
Let k(a) = 2*a - 142. Determine k(0).
-142
Let k(z) = -z**3 + 14*z**2 - 14*z + 7. Give k(13).
-6
Let o(s) = s**2 + 16*s + 11. Give o(-10).
-49
Let o(s) = -s**3 - 8*s**2 - 9*s + 33. What is o(-7)?
47
Let v(o) = -o**3 + 7*o**2 - o + 1. Give v(7).
-6
Let u(f) = 2*f**2 - 6*f + 8. What is u(5)?
28
Let w(d) = -5*d + 2. Give w(4).
-18
Let m(q) = 2*q**2 + 10*q + 17. Determine m(-5).
17
Let u(m) = -m + 15. Give u(11).
4
Let v(a) = 12*a + 2. Determine v(1).
14
Let x(u) = -4*u**2 - 35*u + 10. Calculate x(-9).
1
Let o(k) = k + 18. Give o(-17).
1
Let x(g) = 6*g**3 - g**2 - 4*g + 4. Give x(1).
5
Let y(v) = 37*v + 553. Give y(-15).
-2
Let u(b) = -18*b**2 - 7*b. Determine u(-3).
-141
Let w(v) = -v - 13. Determine w(-15).
2
Let q(r) = -5*r - 196. Determine q(-40).
4
Let f(m) = 2*m**2 - 13*m - 72. Give f(10).
-2
Let x(v) = -v**2 - 2*v - 1. Determine x(-1).
0
Let c(a) = a**3 + 5*a**2 - 2*a + 12. Calculate c(-5).
22
Let l(g) = -2*g**2 - g - 5. Determine l(0).
-5
Let w(a) = -18*a + 2. Determine w(1).
-16
Let y(a) = -a**3 - 8*a**2 - 5*a - 12. Calculate y(-8).
28
Let a(h) = 3*h + 1. Calculate a(-2).
-5
Let v(b) = -b**2 - 2*b - 5. Calculate v(-6).
-29
Let n(h) = -33*h + 8. What is n(-2)?
74
Let o(w) = w**2 - 3*w - 2. Determine o(7).
26
Let h(f) = 28*f - 1290. Give h(46).
-2
Let a(h) = h**2 - 25*h + 3. Give a(23).
-43
Let r(g) = -g**2 - 4. What is r(-4)?
-20
Let q(t) = -4*t - 115. Calculate q(-34).
21
Let q(i) = i**3 + 3*i**2 + 4*i + 6. Determine q(-4).
-26
Let n(h) = 24*h**2 - 6*h - 5. Calculate n(-1).
25
Let j(l) = -l**2 - 4*l. What is j(-6)?
-12
Let t(x) = x**3 + 21*x**2 + 20*x - 13. What is t(-20)?
-13
Let t(v) = v**2 - 10*v - 2. What is t(7)?
-23
Let w(i) = 5*i + 112. Give w(-19).
17
Let z(n) = n**3 + 16*n**2 - 20*n - 4. Calculate z(-17).
47
Let g(j) = -j**3 - 33*j**2 - 29*j + 114. Give g(-32).
18
Let d(m) = -m**3 - 2*m**2 + 5*m - 6. Determine d(3).
-36
Let c(w) = -2*w**2 - 11*w + 107. Give c(6).
-31
Let q(i) = -i**2 + 16*i - 23. What is q(14)?
5
Let l(g) = 4*g**2 + 5*g + 3. Determine l(-1).
2
Let t(b) = b**2 + 19*b - 19. What is t(-20)?
1
Let s(t) = -t + 3. Give s(3).
0
Let b(m) = 11*m. Calculate b(-2).
-22
Let i(k) = k - 13. Give i(9).
-4
Let o(y) = -12*y + 159. Give o(14).
-9
Let g(p) = -p**3 + 10*p**2 - 9*p + 6. Give g(9).
6
Let j(d) = -d - 58. Determine j(-16).
-42
Let w(s) = 2*s**3 - s**2 - 3*s + 3. What is w(2)?
9
Let w(y) = -y**2 - y - 2. Determine w(1).
-4
Let i(d) = -d**2 - 29*d - 193. Give i(-9).
-13
Let y(s) = s**2 + 18*s + 7. Give y(-12).
-65
Let n(p) = -8*p - 147. What is n(-19)?
5
Let z(i) = 2*i**2 - 5*i - 26. Calculate z(-4).
26
Let p(f) = -3*f**3 + 70*f**2 - 25*f + 51. Determine p(23).
5
Let b(n) = -n**3 + 6*n**2 + 9*n - 3. Determine b(7).
11
Let l(q) = q**3 - 5*q**2 + 2. Give l(4).
-14
Let o(d) = -d**2 + 11*d - 28. Determine o(8).
-4
Let y(h) = -h**3 - 4*h**2 - h + 1. What is y(-3)?
-5
Let z(f) = -f**2 - 11*f - 1. Give z(-11).
-1
Let o(q) = -q**2 - 10*q. Give o(-14).
-56
Let w(f) = -f**2 - 2*f + 4. Calculate w(-5).
-11
Let i(t) = t**3 - 13*t**2 - 5. Calculate i(13).
-5
Let w(m) = -5*m - 113. What is w(0)?
-113
Let b(s) = s. Calculate b(-6).
-6
Let l(b) = 2*b**2 - 75*b - 367. Determine l(42).
11
Let n(y) = y**2 - 2*y + 7. Determine n(-5).
42
Let g(m) = 2*m**2. Determine g(2).
8
Let r(g) = 2*g**2 - 21*g - 19. Determine r(10).
-29
Let p(o) = 3*o - 83. What is p(-28)?
-167
Let j(r) = -r**3 + 6*r**2 + r. Give j(6).
6
Let w(q) = q**3 + 4*q**2 - q + 4. What is w(-4)?
8
Let l(a) = -9*a**2 - 3*a - 1. Determine l(-2).
-31
Let p(y) = -y**3 + 9*y**2 - 8*y - 8. Give p(8).
-8
Let u(r) = -r**2 + 8*r + 7. Calculate u(11).
-26
Let d(i) = -i**3 + 22*i**2 + 9. Determine d(22).
9
Let s(o) = -o**3 - 75*o**2 - 211*o + 367. Determine s(-72).
7
Let d(a) = -16*a + 4. What is d(-2)?
36
Let c(f) = -f**3 - 6*f**2 + 15*f - 6. Determine c(-8).
2
Let z(i) = 26*i - 103. Determine z(4).
1
Let l(v) = -3*v + 5. Give l(0).
5
Let n(z) = z**3 - 5*z**2 - 2*z + 21. What is n(4)?
-3
Let k(g) = 2*g**2 + 19*g + 33. Determine k(-6).
-9
Let w(u) = -6*u + 59. Give w(10).
-1
Let g(h) = -2*h**2 - 6*h + 6. Give g(3).
-30
Let o(f) = f**3 - 28*f**2 - 30*f + 34. Calculate o(29).
5
Let d(v) = v**2 - 3*v - 1. Calculate d(4).
3
Let r(o) = o**3 + 7*o**2 + 6*o + 4. What is r(-6)?
4
Let i(s) = -s**3 - 4*s**2 + 7. Calculate i(-5).
32
Let h(c) = 24*c**2 + 3*c - 2. Give h(1).
25
Let s(z) = 103*z + 716. Give s(-7).
-5
Let i(q) = 19*q**2 + 32*q - 31. What is i(1)?
20
Let a(w) = w**3 + 3*w**2 - 16*w + 8. What is a(-7)?
-76
Let y(o) = o**2 + 6*o - 22. Determine y(-9).
5
Let r(f) = -5*f**2 - 34*f + 24. Determine r(-7).
17
Let a(l) = -l**2 - 9*l + 3. What is a(-6)?
21
Let s(r) = r + 16. Calculate s(-6).
10
Let f(i) = i**2 + 8*i - 2. Give f(-8).
-2
Let g(p) = -p**3 - 5*p**2 + 7*p - 7. Give g(-6).
-13
Let n(w) = -w**3 + w**2 + w - 3. What is n(3)?
-18
Let m(g) = g**2 - 5*g - 5. Calculate m(4).
-9
Let t(k) = 7*k**3 + 3*k**2 - 2. Determine t(1).
8
Let m(o) = -o**2 + 17*o - 43. What is m(11)?
23
Let v(o) = 27*o**3 + o**2 + 2*o + 1. Calculate v(-1).
-27
Let i(k) = -3*k**2 + 26*k - 23. Give i(8).
-7
Let v(p) = -p**2 + 20*p + 14. Determine v(21).
-7
Let m(a) = a**2 + 7*a - 17. What is m(-9)?
1
Let f(m) = 10*m**3 + m. Calculate f(-1).
-11
Let l(a) = a**2 + 8*a - 10. Give l(-9).
-1
Let j(b) = b**2 - 9*b + 7. Calculate j(5).
-13
Let y(z) = -z**3 + 10*z**2 - 8*z + 20. Calculate y(9).
29
Let x(j) = -j**2 - 12*j + 2. What is x(-12)?
2
Let k(n) = n**2 + 12*n - 18. Give k(-14).
10
Let f(y) = y**3 + 5*y**2 + y - 1. Calculate f(-5).
-6
Let o(m) = -2*m + 14. Give o(9).
-4
Let g(u) = u + 17. What is g(-14)?
3
Let y(u) = -2*u**2 + 16*u + 1. Determine y(8).
1
Let t(y) = y**3 - 10*y**2 - 5. What is t(10)?
-5
Let n(s) = 33*s - 264. What is n(6)?
-66
Let f(k) = -k**3 - 6*k**2 + 25*k + 106. Give f(-3).
4
Let q(b) = 69*b + 128. Give q(-2).
-10
Let i(u) = u*